{"id":80,"date":"2010-07-12T13:04:45","date_gmt":"2010-07-12T13:04:45","guid":{"rendered":"http:\/\/karatecachan.fr\/WordPress\/?page_id=80"},"modified":"2012-01-29T00:21:00","modified_gmt":"2012-01-28T23:21:00","slug":"du-japonais","status":"publish","type":"page","link":"https:\/\/www.karatecachan.fr\/?page_id=80","title":{"rendered":"Comment attacher sa ceinture"},"content":{"rendered":"<p style=\"text-align: justify;\">Si vous ne savez pas encore comment attacher votre ceinture, voici une petite notice explicative. Bien entendu, nous vous invitons \u00e0 demander directement \u00e0 Ma\u00eetre Ren\u00e9 ou aux instructeurs en d\u00e9but de cours.<\/p>\n<p><a href=\"https:\/\/www.karatecachan.fr\/wp-content\/uploads\/2010\/07\/ceinture.jpg\"><img loading=\"lazy\" decoding=\"async\" class=\"aligncenter size-large wp-image-526\" title=\"ceinture\" src=\"https:\/\/www.karatecachan.fr\/wp-content\/uploads\/2010\/07\/ceinture-724x1024.jpg\" alt=\"\" width=\"640\" height=\"905\" srcset=\"https:\/\/www.karatecachan.fr\/wp-content\/uploads\/2010\/07\/ceinture-724x1024.jpg 724w, https:\/\/www.karatecachan.fr\/wp-content\/uploads\/2010\/07\/ceinture-212x300.jpg 212w, https:\/\/www.karatecachan.fr\/wp-content\/uploads\/2010\/07\/ceinture.jpg 1654w\" sizes=\"auto, (max-width: 640px) 100vw, 640px\" \/><\/a><\/p>\n<p>&nbsp;<\/p>\n","protected":false},"excerpt":{"rendered":"<p>Si vous ne savez pas encore comment attacher votre ceinture, voici une petite notice explicative. Bien entendu, nous vous invitons \u00e0 demander directement \u00e0 Ma\u00eetre Ren\u00e9 ou aux instructeurs en d\u00e9but de cours. &nbsp;<\/p>\n","protected":false},"author":1,"featured_media":0,"parent":518,"menu_order":7,"comment_status":"closed","ping_status":"closed","template":"","meta":{"footnotes":""},"class_list":["post-80","page","type-page","status-publish","hentry"],"_links":{"self":[{"href":"https:\/\/www.karatecachan.fr\/index.php?rest_route=\/wp\/v2\/pages\/80","targetHints":{"allow":["GET"]}}],"collection":[{"href":"https:\/\/www.karatecachan.fr\/index.php?rest_route=\/wp\/v2\/pages"}],"about":[{"href":"https:\/\/www.karatecachan.fr\/index.php?rest_route=\/wp\/v2\/types\/page"}],"author":[{"embeddable":true,"href":"https:\/\/www.karatecachan.fr\/index.php?rest_route=\/wp\/v2\/users\/1"}],"replies":[{"embeddable":true,"href":"https:\/\/www.karatecachan.fr\/index.php?rest_route=%2Fwp%2Fv2%2Fcomments&post=80"}],"version-history":[{"count":0,"href":"https:\/\/www.karatecachan.fr\/index.php?rest_route=\/wp\/v2\/pages\/80\/revisions"}],"up":[{"embeddable":true,"href":"https:\/\/www.karatecachan.fr\/index.php?rest_route=\/wp\/v2\/pages\/518"}],"wp:attachment":[{"href":"https:\/\/www.karatecachan.fr\/index.php?rest_route=%2Fwp%2Fv2%2Fmedia&parent=80"}],"curies":[{"name":"wp","href":"https:\/\/api.w.org\/{rel}","templated":true}]}}

<p style="text-align: justify;">Si vous ne savez pas encore comment attacher votre ceinture, voici une petite notice explicative. Bien entendu, nous vous invitons à demander directement à Maître René ou aux instructeurs en début de cours.</p>
<p><a href="https://www.karatecachan.fr/wp-content/uploads/2010/07/ceinture.jpg"><img loading="lazy" decoding="async" class="aligncenter size-large wp-image-526" title="ceinture" src="https://www.karatecachan.fr/wp-content/uploads/2010/07/ceinture-724x1024.jpg" alt="" width="640" height="905" srcset="https://www.karatecachan.fr/wp-content/uploads/2010/07/ceinture-724x1024.jpg 724w, https://www.karatecachan.fr/wp-content/uploads/2010/07/ceinture-212x300.jpg 212w, https://www.karatecachan.fr/wp-content/uploads/2010/07/ceinture.jpg 1654w" sizes="auto, (max-width: 640px) 100vw, 640px" /></a></p>
<p>&nbsp;</p>

<p>Si vous ne savez pas encore comment attacher votre ceinture, voici une petite notice explicative. Bien entendu, nous vous invitons à demander directement à Maître René ou aux instructeurs en début de cours. &nbsp;</p>
